{"id":523,"date":"2017-09-21T09:21:55","date_gmt":"2017-09-21T07:21:55","guid":{"rendered":"http:\/\/zswielen.com.pl\/?page_id=523"},"modified":"2017-09-21T09:26:50","modified_gmt":"2017-09-21T07:26:50","slug":"czas-zawodowcow","status":"publish","type":"page","link":"http:\/\/zswielen.com.pl\/index.php\/czas-zawodowcow\/","title":{"rendered":"Czas zawodowc\u00f3w"},"content":{"rendered":"<p>Pozakonkursowy projekt\u00a0<em>\u201eCzas zawodowc\u00f3w BIS \u2013 zawodowa Wielkopolska\u201d\u00a0<\/em>jest uruchomiony<em>\u00a0w<\/em>\u00a0ramach Wielkopolskiego Regionalnego Programu Operacyjnego 2014+ i b\u0119dzie realizowany do ko\u0144ca 2022 roku przez Samorz\u0105d Wojew\u00f3dztwa Wielkopolskiego (Departament Edukacji i Nauki Urz\u0119du Marsza\u0142kowskiego Wojew\u00f3dztwa Wielkopolskiego) oraz Politechnik\u0119 Pozna\u0144sk\u0105 we wsp\u00f3\u0142pracy z zainteresowanymi samorz\u0105dami, pracodawcami i szko\u0142ami kszta\u0142c\u0105cymi zawodowo z terenu wojew\u00f3dztwa wielkopolskiego. W projekcie s\u0105 rozwijane dzia\u0142ania, kt\u00f3re zosta\u0142y zainicjowane w latach 2012-2015 w projekcie\u00a0<em>\u201eCzas zawodowc\u00f3w \u2013 wielkopolskie kszta\u0142cenie zawodowe\u201d<\/em>. Przyczynkiem do kontynuacji tych dzia\u0142a\u0144 jest sukces poprzedniej inicjatywy, wyr\u00f3\u017cnionej przez Ministra Infrastruktury i Rozwoju tytu\u0142em\u00a0<em>\u201eNajlepsza inwestycja w\u00a0cz\u0142owieka\u201d<\/em>\u00a0w ramach konkursu\u00a0<em>\u201eDobre praktyki EFS 2014\u201d<\/em>.<\/p>\n<p>W zwi\u0105zku z uruchomieniem projektu przewidziano nast\u0119puj\u0105ce formy wsparcia w ramach prowadzonych dzia\u0142a\u0144:<\/p>\n<ul>\n<li>p\u0142atne sta\u017ce dla uczni\u00f3w,<\/li>\n<li>zaj\u0119cia specjalistyczne dla uczni\u00f3w w innowacyjnych technologicznie laboratoriach,<\/li>\n<li>dost\u0119p do interaktywnych materia\u0142\u00f3w dydaktycznych dla uczni\u00f3w i nauczycieli przygotowanych w nowoczesnej technologii zamieszczonych na platformie e-learningowej,<\/li>\n<li>kursy\/szkolenia zawodowe dla nauczycieli,<\/li>\n<li>doposa\u017cenie 46 szk\u00f3\u0142 w sprz\u0119t i pomoce dydaktyczne do pracowni kszta\u0142cenia zawodowego zgodnie ze standardem okre\u015blonym przez MEN w katalogu wyposa\u017cenia pracowni lub warsztat\u00f3w szkolnych dla 190 zawod\u00f3w udost\u0119pnionym za po\u015brednictwem strony internetowej\u00a0<a href=\"http:\/\/www.koweziu.edu.pl\/\" target=\"_blank\" rel=\"noopener\">www.koweziu.edu.pl<\/a>,<\/li>\n<li>doposa\u017cenie 4 plac\u00f3wek kszta\u0142cenia zawodowego, realizuj\u0105cych zadania zbie\u017cne z zadaniami centrum kszta\u0142cenia zawodowego, praktycznego i ustawicznego<\/li>\n<li>dost\u0119p do narz\u0119dzia u\u0142atwiaj\u0105cego komunikacj\u0119 pomi\u0119dzy uczniami i pracodawcami oraz umo\u017cliwiaj\u0105cego dopasowanie uczni\u00f3w i absolwent\u00f3w szk\u00f3\u0142 do konkretnych ofert pracy z wykorzystaniem identyfikacji profili kompetencyjnych i stanowiskowych,<\/li>\n<li>patronat Politechniki Pozna\u0144skiej nad wybranymi klasami uczestnicz\u0105cymi w projekcie.<\/li>\n<\/ul>\n<p>Jednostki samorz\u0105du terytorialnego, pracodawcy i poszczeg\u00f3lne szko\u0142y uczestnicz\u0105ce w projekcie maj\u0105 okazj\u0119 wsp\u00f3\u0142tworzy\u0107 rozwijan\u0105 w wojew\u00f3dztwie Wielkopolsk\u0105 Sie\u0107 Edukacyjno-Gospodarcz\u0105. Celem tego regionalnego przedsi\u0119wzi\u0119cia jest trwa\u0142a odbudowa systemu kszta\u0142cenia zawodowego w Wielkopolsce oraz rozszerzanie i umacnianie relacji pomi\u0119dzy szko\u0142ami i pracodawcami poprzez mi.in. w\u0142\u0105czanie pracodawc\u00f3w w proces doradzania uczniom odno\u015bnie kierunk\u00f3w rozwoju zawodowego, trafniejsze dopasowanie ofert sta\u017cy do umiej\u0119tno\u015bci i kompetencji uczni\u00f3w przy wykorzystaniu Systemu Zawodowcy czy wsparcie szk\u00f3\u0142 i pracodawc\u00f3w w procesie komunikacji z lokalnymi instytucjami rynku pracy.<\/p>\n<p>W celu uzyskania szczeg\u00f3\u0142owych informacji prosimy o kontakt pod adresem mailowym:\u00a0<a>awt.czas.zawodowcow@put.poznan.pl<\/a><\/p>\n<p><em>Ca\u0142kowita warto\u015b\u0107 projektu wynosi 63\u00a0500\u00a0000,00 z\u0142,\u00a0w tym kwota dofinansowania z UE (EFS-85%) \u2013 53\u00a0975 000,00 z\u0142, w tym \u015brodki bud\u017cetu pa\u0144stwa (5%). Pozosta\u0142\u0105 kwot\u0119, stanowi\u0105c\u0105 10% warto\u015bci projektu,\u00a0 stanowi\u0105 \u015brodki z bud\u017cetu jednostek samorz\u0105du terytorialnego.<\/em><\/p>\n","protected":false},"excerpt":{"rendered":"<p>Pozakonkursowy projekt\u00a0\u201eCzas zawodowc\u00f3w BIS \u2013 zawodowa Wielkopolska\u201d\u00a0jest uruchomiony\u00a0w\u00a0ramach Wielkopolskiego Regionalnego Programu Operacyjnego 2014+ i b\u0119dzie realizowany do ko\u0144ca 2022 roku przez Samorz\u0105d Wojew\u00f3dztwa Wielkopolskiego (Departament Edukacji i Nauki Urz\u0119du Marsza\u0142kowskiego Wojew\u00f3dztwa Wielkopolskiego) oraz Politechnik\u0119 Pozna\u0144sk\u0105 we wsp\u00f3\u0142pracy z zainteresowanymi samorz\u0105dami, <a href=\"http:\/\/zswielen.com.pl\/index.php\/czas-zawodowcow\/\" class=\"read-more\">Read More &#8230;<\/a><\/p>\n","protected":false},"author":1,"featured_media":0,"parent":0,"menu_order":0,"comment_status":"closed","ping_status":"closed","template":"","meta":{"footnotes":""},"class_list":["post-523","page","type-page","status-publish","hentry"],"_links":{"self":[{"href":"http:\/\/zswielen.com.pl\/index.php\/wp-json\/wp\/v2\/pages\/523","targetHints":{"allow":["GET"]}}],"collection":[{"href":"http:\/\/zswielen.com.pl\/index.php\/wp-json\/wp\/v2\/pages"}],"about":[{"href":"http:\/\/zswielen.com.pl\/index.php\/wp-json\/wp\/v2\/types\/page"}],"author":[{"embeddable":true,"href":"http:\/\/zswielen.com.pl\/index.php\/wp-json\/wp\/v2\/users\/1"}],"replies":[{"embeddable":true,"href":"http:\/\/zswielen.com.pl\/index.php\/wp-json\/wp\/v2\/comments?post=523"}],"version-history":[{"count":3,"href":"http:\/\/zswielen.com.pl\/index.php\/wp-json\/wp\/v2\/pages\/523\/revisions"}],"predecessor-version":[{"id":526,"href":"http:\/\/zswielen.com.pl\/index.php\/wp-json\/wp\/v2\/pages\/523\/revisions\/526"}],"wp:attachment":[{"href":"http:\/\/zswielen.com.pl\/index.php\/wp-json\/wp\/v2\/media?parent=523"}],"curies":[{"name":"wp","href":"https:\/\/api.w.org\/{rel}","templated":true}]}}