{"id":1171,"date":"2018-03-13T13:16:34","date_gmt":"2018-03-13T12:16:34","guid":{"rendered":"http:\/\/zswielen.com.pl\/?page_id=1171"},"modified":"2018-03-13T13:27:23","modified_gmt":"2018-03-13T12:27:23","slug":"losy-naszych-abolwentow","status":"publish","type":"page","link":"http:\/\/zswielen.com.pl\/index.php\/losy-naszych-abolwentow\/","title":{"rendered":"Losy naszych abolwent\u00f3w"},"content":{"rendered":"<p><strong>Martyna Dobczy\u0144ska<\/strong><\/p>\n<p style=\"text-align: left;\">Zesp\u00f3\u0142 Szk\u00f3\u0142 w Wieleniu wspominam bardzo dobrze. Ludzie, z kt\u00f3rymi si\u0119 uczy\u0142am byli niesamowici. Czasami pojawia\u0142y si\u0119 nieporozumienia, ale zawsze znalaz\u0142a si\u0119 ni\u0107 porozumienia. Z perspektywy czasu uwa\u017cam, \u017ce grono pedagogiczne wymaga\u0142o od nas bardzo<\/p>\n<figure id=\"attachment_1174\" aria-describedby=\"caption-attachment-1174\" style=\"width: 222px\" class=\"wp-caption alignright\"><img loading=\"lazy\" decoding=\"async\" class=\"wp-image-1174 \" src=\"http:\/\/zswielen.com.pl\/wp-content\/uploads\/2018\/03\/Fot-8-300x241.jpg\" alt=\"\" width=\"222\" height=\"179\" srcset=\"http:\/\/zswielen.com.pl\/wp-content\/uploads\/2018\/03\/Fot-8-300x241.jpg 300w, http:\/\/zswielen.com.pl\/wp-content\/uploads\/2018\/03\/Fot-8-768x616.jpg 768w, http:\/\/zswielen.com.pl\/wp-content\/uploads\/2018\/03\/Fot-8-336x270.jpg 336w, http:\/\/zswielen.com.pl\/wp-content\/uploads\/2018\/03\/Fot-8.jpg 897w\" sizes=\"auto, (max-width: 222px) 100vw, 222px\" \/><figcaption id=\"caption-attachment-1174\" class=\"wp-caption-text\">Martyna Dobczy\u0144ska<\/figcaption><\/figure>\n<p style=\"text-align: left;\">du\u017co, ale dzi\u0119ki temu wyszli\u015bmy na ludzi. W ka\u017cdej napotkanej sytuacji mog\u0142am liczy\u0107 na pomoc i wsparcie nauczycieli. Ze szko\u0142\u0105 mam zwi\u0105zanych mn\u00f3stwo wspomnie\u0144. Najch\u0119tniej jednak powracam pami\u0119ci\u0105 do zawod\u00f3w sportowych i turniej\u00f3w ratownictwa przedmedycznego, w kt\u00f3rych mog\u0142am godnie i udanie reprezentowa\u0107 szko\u0142\u0119. Dzi\u0119ki tym zawodom i tej rywalizacji nauczy\u0142am si\u0119 uparcie oraz wytrwale d\u0105\u017cy\u0107 do celu. Wszystkie pora\u017cki i zwyci\u0119stwa nauczy\u0142y mnie \u017cycia i przygotowa\u0142y do doros\u0142o\u015bci. Cho\u0107 od matury min\u0119\u0142o ju\u017c kilkana\u015bcie lat zawsze ch\u0119tnie odwiedzam moj\u0105 szko\u0142\u0119 i obowi\u0105zkowo spogl\u0105dam na gablot\u0119, w kt\u00f3rej wisz\u0105 mi\u0119dzy innymi moje medale. Sprawia mi to ogromn\u0105 rado\u015b\u0107, bo wiem, \u017ce szko\u0142a o mnie, o innych absolwentach nie zapomnia\u0142a\u2026<\/p>\n<p><strong>Katarzyna Kucharczyk\u00a0<\/strong><\/p>\n<figure id=\"attachment_1177\" aria-describedby=\"caption-attachment-1177\" style=\"width: 189px\" class=\"wp-caption alignleft\"><img loading=\"lazy\" decoding=\"async\" class=\"wp-image-1177\" src=\"http:\/\/zswielen.com.pl\/wp-content\/uploads\/2018\/03\/Zdj\u0119cie-233x300.jpg\" alt=\"\" width=\"189\" height=\"244\" srcset=\"http:\/\/zswielen.com.pl\/wp-content\/uploads\/2018\/03\/Zdj\u0119cie-233x300.jpg 233w, http:\/\/zswielen.com.pl\/wp-content\/uploads\/2018\/03\/Zdj\u0119cie-210x270.jpg 210w, http:\/\/zswielen.com.pl\/wp-content\/uploads\/2018\/03\/Zdj\u0119cie.jpg 666w\" sizes=\"auto, (max-width: 189px) 100vw, 189px\" \/><figcaption id=\"caption-attachment-1177\" class=\"wp-caption-text\">Katarzyna Kucharczyk<\/figcaption><\/figure>\n<p>Nazywam si\u0119 Katarzyna Kucharczyk. W 2017 roku uko\u0144czy\u0142am technikum logistyczne w Zespole Szk\u00f3\u0142 w Wieleniu. Aktualnie jestem studentk\u0105\u00a0<em>Zarz\u0105dzania i In\u017cynierii Produkcji<\/em>\u00a0na wydziale\u00a0<em>Budowy Maszyn i Zarz\u0105dzania\u00a0<\/em><strong>Politechniki Pozna\u0144skiej<\/strong>. Ta szko\u0142a da\u0142a mi naprawd\u0119 wiele. Nauczyciele s\u0105 do\u015b\u0107 wymagaj\u0105cy, ale dzi\u0119ki temu wiedzia\u0142am, \u017ce b\u0119d\u0119 dobrze przygotowana do matury. Zgodnie z przewidywaniami \u2013 uda\u0142o mi si\u0119 j\u0105 zda\u0107 bez problemu. Podobnie by\u0142o z egzaminami zawodowymi. Wiedza, kt\u00f3r\u0105 zdoby\u0142am w tym technikum u\u0142atwi\u0142a mi zdobycie pracy w firmie zajmuj\u0105cej si\u0119 spedycj\u0105. Zawsze b\u0119d\u0119 wspomina\u0107 z\u00a0sympati\u0105 t\u0105 szko\u0142\u0119. Nauczyciele s\u0105 sympatyczni, prawie zawsze id\u0105 \u201ena r\u0119k\u0119\u201d uczniom. Du\u017cym udogodnieniem jest te\u017c dziennik elektroniczny, kt\u00f3ry w ka\u017cdym momencie dnia umo\u017cliwia sprawdzenie ocen i frekwencji. Nie \u017ca\u0142uj\u0119, \u017ce zdecydowa\u0142am si\u0119 na nauk\u0119 w Zespole Szk\u00f3\u0142 w Wieleniu. Gdybym mia\u0142a wybiera\u0107 szko\u0142\u0119 jeszcze raz, bez najmniejszych w\u0105tpliwo\u015bci post\u0105pi\u0142abym tak samo.<\/p>\n","protected":false},"excerpt":{"rendered":"<p>Martyna Dobczy\u0144ska Zesp\u00f3\u0142 Szk\u00f3\u0142 w Wieleniu wspominam bardzo dobrze. Ludzie, z kt\u00f3rymi si\u0119 uczy\u0142am byli niesamowici. Czasami pojawia\u0142y si\u0119 nieporozumienia, ale zawsze znalaz\u0142a si\u0119 ni\u0107 porozumienia. Z perspektywy czasu uwa\u017cam, \u017ce grono pedagogiczne wymaga\u0142o od nas bardzo du\u017co, ale dzi\u0119ki <a href=\"http:\/\/zswielen.com.pl\/index.php\/losy-naszych-abolwentow\/\" class=\"read-more\">Read More &#8230;<\/a><\/p>\n","protected":false},"author":1,"featured_media":0,"parent":0,"menu_order":0,"comment_status":"closed","ping_status":"closed","template":"","meta":{"footnotes":""},"class_list":["post-1171","page","type-page","status-publish","hentry"],"_links":{"self":[{"href":"http:\/\/zswielen.com.pl\/index.php\/wp-json\/wp\/v2\/pages\/1171","targetHints":{"allow":["GET"]}}],"collection":[{"href":"http:\/\/zswielen.com.pl\/index.php\/wp-json\/wp\/v2\/pages"}],"about":[{"href":"http:\/\/zswielen.com.pl\/index.php\/wp-json\/wp\/v2\/types\/page"}],"author":[{"embeddable":true,"href":"http:\/\/zswielen.com.pl\/index.php\/wp-json\/wp\/v2\/users\/1"}],"replies":[{"embeddable":true,"href":"http:\/\/zswielen.com.pl\/index.php\/wp-json\/wp\/v2\/comments?post=1171"}],"version-history":[{"count":6,"href":"http:\/\/zswielen.com.pl\/index.php\/wp-json\/wp\/v2\/pages\/1171\/revisions"}],"predecessor-version":[{"id":1180,"href":"http:\/\/zswielen.com.pl\/index.php\/wp-json\/wp\/v2\/pages\/1171\/revisions\/1180"}],"wp:attachment":[{"href":"http:\/\/zswielen.com.pl\/index.php\/wp-json\/wp\/v2\/media?parent=1171"}],"curies":[{"name":"wp","href":"https:\/\/api.w.org\/{rel}","templated":true}]}}

Losy naszych abolwentów

<p><strong>Martyna Dobczyńska</strong></p>
<p style="text-align: left;">Zespół Szkół w Wieleniu wspominam bardzo dobrze. Ludzie, z którymi się uczyłam byli niesamowici. Czasami pojawiały się nieporozumienia, ale zawsze znalazła się nić porozumienia. Z perspektywy czasu uważam, że grono pedagogiczne wymagało od nas bardzo</p>
<figure id="attachment_1174" aria-describedby="caption-attachment-1174" style="width: 222px" class="wp-caption alignright"><img loading="lazy" decoding="async" class="wp-image-1174 " src="http://zswielen.com.pl/wp-content/uploads/2018/03/Fot-8-300x241.jpg" alt="" width="222" height="179" srcset="http://zswielen.com.pl/wp-content/uploads/2018/03/Fot-8-300x241.jpg 300w, http://zswielen.com.pl/wp-content/uploads/2018/03/Fot-8-768x616.jpg 768w, http://zswielen.com.pl/wp-content/uploads/2018/03/Fot-8-336x270.jpg 336w, http://zswielen.com.pl/wp-content/uploads/2018/03/Fot-8.jpg 897w" sizes="auto, (max-width: 222px) 100vw, 222px" /><figcaption id="caption-attachment-1174" class="wp-caption-text">Martyna Dobczyńska</figcaption></figure>
<p style="text-align: left;">dużo, ale dzięki temu wyszliśmy na ludzi. W każdej napotkanej sytuacji mogłam liczyć na pomoc i wsparcie nauczycieli. Ze szkołą mam związanych mnóstwo wspomnień. Najchętniej jednak powracam pamięcią do zawodów sportowych i turniejów ratownictwa przedmedycznego, w których mogłam godnie i udanie reprezentować szkołę. Dzięki tym zawodom i tej rywalizacji nauczyłam się uparcie oraz wytrwale dążyć do celu. Wszystkie porażki i zwycięstwa nauczyły mnie życia i przygotowały do dorosłości. Choć od matury minęło już kilkanaście lat zawsze chętnie odwiedzam moją szkołę i obowiązkowo spoglądam na gablotę, w której wiszą między innymi moje medale. Sprawia mi to ogromną radość, bo wiem, że szkoła o mnie, o innych absolwentach nie zapomniała…</p>
<p><strong>Katarzyna Kucharczyk </strong></p>
<figure id="attachment_1177" aria-describedby="caption-attachment-1177" style="width: 189px" class="wp-caption alignleft"><img loading="lazy" decoding="async" class="wp-image-1177" src="http://zswielen.com.pl/wp-content/uploads/2018/03/Zdjęcie-233x300.jpg" alt="" width="189" height="244" srcset="http://zswielen.com.pl/wp-content/uploads/2018/03/Zdjęcie-233x300.jpg 233w, http://zswielen.com.pl/wp-content/uploads/2018/03/Zdjęcie-210x270.jpg 210w, http://zswielen.com.pl/wp-content/uploads/2018/03/Zdjęcie.jpg 666w" sizes="auto, (max-width: 189px) 100vw, 189px" /><figcaption id="caption-attachment-1177" class="wp-caption-text">Katarzyna Kucharczyk</figcaption></figure>
<p>Nazywam się Katarzyna Kucharczyk. W 2017 roku ukończyłam technikum logistyczne w Zespole Szkół w Wieleniu. Aktualnie jestem studentką <em>Zarządzania i Inżynierii Produkcji</em> na wydziale <em>Budowy Maszyn i Zarządzania </em><strong>Politechniki Poznańskiej</strong>. Ta szkoła dała mi naprawdę wiele. Nauczyciele są dość wymagający, ale dzięki temu wiedziałam, że będę dobrze przygotowana do matury. Zgodnie z przewidywaniami – udało mi się ją zdać bez problemu. Podobnie było z egzaminami zawodowymi. Wiedza, którą zdobyłam w tym technikum ułatwiła mi zdobycie pracy w firmie zajmującej się spedycją. Zawsze będę wspominać z sympatią tą szkołę. Nauczyciele są sympatyczni, prawie zawsze idą „na rękę” uczniom. Dużym udogodnieniem jest też dziennik elektroniczny, który w każdym momencie dnia umożliwia sprawdzenie ocen i frekwencji. Nie żałuję, że zdecydowałam się na naukę w Zespole Szkół w Wieleniu. Gdybym miała wybierać szkołę jeszcze raz, bez najmniejszych wątpliwości postąpiłabym tak samo.</p>

<p>Martyna Dobczyńska Zespół Szkół w Wieleniu wspominam bardzo dobrze. Ludzie, z którymi się uczyłam byli niesamowici. Czasami pojawiały się nieporozumienia, ale zawsze znalazła się nić porozumienia. Z perspektywy czasu uważam, że grono pedagogiczne wymagało od nas bardzo dużo, ale dzięki <a href="http://zswielen.com.pl/index.php/losy-naszych-abolwentow/" class="read-more">Read More &#8230;</a></p>
